ens digit of 30618780?
8
What is the hundreds digit of 1220958434?
4
What is the ten millions digit of 207665382?
0
What is the hundred millions digit of 564471424?
5
What is the hundred thousands digit of 8528754?
5
What is the ten millions digit of 1924624272?
2
What is the ten millions digit of 870776202?
7
What is the units digit of 79990364?
4
What is the ten thousands digit of 680117527?
1
What is the thousands digit of 11041393?
1
What is the thousands digit of 1923651929?
1
What is the hundreds digit of 2614536?
5
What is the millions digit of 233841535?
3
What is the ten millions digit of 1230097110?
3
What is the hundred thousands digit of 483528377?
5
What is the units digit of 1682975001?
1
What is the hundred millions digit of 1629982776?
6
What is the units digit of 1678207409?
9
What is the ten thousands digit of 114047527?
4
What is the thousands digit of 38237892?
7
What is the thousands digit of 69564799?
4
What is the tens digit of 160489649?
4
What is the units digit of 57648487?
7
What is the ten millions digit of 150952421?
5
What is the ten thousands digit of 869524339?
2
What is the ten thousands digit of 112675425?
7
What is the units digit of 238910942?
2
What is the ten thousands digit of 1368179432?
7
What is the units digit of 835892541?
1
What is the tens digit of 96297664?
6
What is the units digit of 157448335?
5
What is the ten thousands digit of 1991397721?
9
What is the thousands digit of 757443509?
3
What is the units digit of 70367337?
7
What is the hundred thousands digit of 274512837?
5
What is the millions digit of 20124150?
0
What is the millions digit of 103042644?
3
What is the billions digit of 2886077480?
2
What is the millions digit of 113122696?
3
What is the hundred thousands digit of 69002193?
0
What is the ten thousands digit of 59190328?
9
What is the tens digit of 843296643?
4
What is the hundred thousands digit of 46493858?
4
What is the units digit of 3168499409?
9
What is the hundreds digit of 12186971?
9
What is the hundred thousands digit of 4547350180?
3
What is the hundreds digit of 2853060650?
6
What is the hundred millions digit of 206187345?
2
What is the ten thousands digit of 3806485563?
8
What is the thousands digit of 52454667?
4
What is the hundred millions digit of 155452491?
1
What is the millions digit of 778267730?
8
What is the millions digit of 43447838?
3
What is the hundred millions digit of 345492613?
3
What is the hundred millions digit of 967079069?
9
What is the billions digit of 3617856533?
3
What is the units digit of 53014809?
9
What is the hundreds digit of 178532123?
1
What is the millions digit of 26028904?
6
What is the hundred thousands digit of 82714726?
7
What is the hundred millions digit of 682218265?
6
What is the hundred millions digit of 170531999?
1
What is the hundreds digit of 38949643?
6
What is the hundred millions digit of 632670094?
6
What is the tens digit of 180960346?
4
What is the hundreds digit of 570722835?
8
What is the tens digit of 59859357?
5
What is the units digit of 109539522?
2
What is the thousands digit of 120198307?
8
What is the hundred thousands digit of 166318435?
3
What is the thousands digit of 5700257151?
7
What is the units digit of 1684990894?
4
What is the thousands digit of 26296813?
6
What is the hundred thousands digit of 93199831?
1
What is the units digit of 73565928?
8
What is the ten thousands digit of 10097922?
9
What is the units digit of 75882038?
8
What is the tens digit of 21515663?
6
What is the ten millions digit of 96319136?
9
What is the thousands digit of 514677107?
7
What is the ten thousands digit of 120000064?
0
What is the tens digit of 96728295?
9
What is the hundreds digit of 700235345?
3
What is the thousands digit of 166432627?
2
What is the ten thousands digit of 44168850?
6
What is the hundred thousands digit of 184782104?
7
What is the thousands digit of 67740845?
0
What is the tens digit of 636467123?
2
What is the ten millions digit of 19069196?
1
What is the hundreds digit of 35632308?
3
What is the millions digit of 24123297?
4
What is the hundreds digit of 653349498?
4
What is the hundreds digit of 1263156236?
2
What is the millions digit of 3894791633?
4
What is the millions digit of 642017685?
2
What is the hundred thousands digit of 3603288410?
2
What is the units digit of 2363677224?
4
What is the millions digit of 88018969?
8
What is the hundred thousands digit of 351992854?
9
What is the hundred thousands digit of 633512121?
5
What is the hundreds digit of 991193?
1
What is the ten thousands digit of 100565184?
6
What is the millions digit of 633398521?
3
What is the millions digit of 975415273?
5
What is the hundreds digit of 907949829?
8
What is the ten thousands digit of 3122065465?
6
What is the thousands digit of 248987842?
7
What is the thousands digit of 46301838?
1
What is the hundreds digit of 864678748?
7
What is the ten millions digit of 98058701?
9
What is the hundred millions digit of 4887885034?
8
What is the hundreds digit of 418251886?
8
What is the ten thousands digit of 3064588577?
8
What is the ten millions digit of 76432193?
7
What is the millions digit of 133462247?
3
What is the millions digit of 256727191?
6
What is the hundreds digit of 64070409?
4
What is the millions digit of 355324996?
5
What is the ten millions digit of 47567410?
4
What is the hundred millions digit of 1190983330?
1
What is the units digit of 27369921?
1
What is the hundred thousands digit of 194279234?
2
What is the thousands digit of 4864895377?
5
What is the thousands digit of 88236438?
6
What is the hundred thousands digit of 3281712504?
7
What is the units digit of 9544458?
8
What is the ten millions digit of 37243432?
3
What is the millions digit of 411924951?
1
What is the hundred millions digit of 187203665?
1
What is the billions digit of 6105000179?
6
What is the ten millions digit of 23293558?
2
What is the thousands digit of 25162472?
2
What is the billions digit of 1663407126?
1
What is the tens digit of 592111598?
9
What is the millions digit of 32359954?
2
What is the hundred millions digit of 8225662786?
2
What is the hundred millions digit of 3341292504?
3
What is the thousands digit of 181307434?
7
What is the thousands digit of 68447848?
7
What is the millions digit of 13343575?
3
What is the hundred thousands digit of 30863541?
8
What is the tens digit of 1011653283?
8
What is the units digit of 24665299?
9
What is the millions digit of 103578607?
3
What is the ten millions digit of 2402346703?
0
What is the thousands digit of 166944292?
4
What is the units digit of 40664952?
2
What is the thousands digit of 2795219?
5
What is the hundred thousands digit of 78849049?
8
What is the tens digit of 2252377146?
4
What is the tens digit of 168003895?
9
What is the tens digit of 49708618?
1
What is the tens digit of 895182189?
8
What is the hundred millions digit of 2799815925?
7
What is the ten thousands digit of 85790071?
9
What is the millions digit of 266247285?
6
What is the ten thousands digit of 608717403?
1
What is the millions digit of 130796418?
0
What is the hundred millions digit of 1105490876?
1
What is the tens digit of 7600002677?
7
What is the tens digit of 29722368?
6
What is the ten millions digit of 193663117?
9
What is the hundred millions digit of 109934855?
1
What is the hundreds digit of 8547199?
1
What is the millions digit of 970503018?
0
What is the millions digit of 1395802407?
5
What is the hundred thousands digit of 80509753?
5
What is the hundreds digit of 302704257?
2
What is the ten thousands digit of 4761150694?
5
What is the ten millions digit of 65027305?
6
What is the hundred thousands digit of 1297134302?
1
What is the hundred thousands digit of 71956641?
9
What is the millions digit of 2129345?
2
What is the thousands digit of 4840181?
0
What is the hundred thousands digit of 171456851?
4
What is the thousands digit of 5006434?
6
What is the hundreds digit of 189378892?
8
What is the tens digit of 4614396267?
6
What is the ten millions digit of 12323747?
1
What is the units digit of 34460619?
9
What is the hundred millions digit of 1971778080?
9
What is the hundred thousands digit of 43630486?
6
What is the tens digit of 1737210928